t are the prime factors of h?
2, 3
Suppose -5*u + 340 = -2*b - 3*b, b = -2*u + 130. List the prime factors of u.
2, 3, 11
Let f(s) = -2*s**3 - 6*s**2 - 2*s - 2. Let b be f(-4). Let z = 51 + -29. Let n = b - z. What are the prime factors of n?
2
Let v(h) = h + 9. List the prime factors of v(-6).
3
Let f(c) be the third derivative of 0 - 1/3*c**3 - 3*c**2 + 0*c + 1/30*c**5 + 1/12*c**4. List the prime factors of f(2).
2, 5
Suppose 0 = -2*h + 7*h - 205. Suppose -d + 2*d = r + 56, d = -4*r + h. Suppose 4*y = -5*f + 15, -3*y - d + 17 = -3*f. What are the prime factors of f?
7
Let o(j) = -j. Let s(i) = 7*i + 2. Let f(h) = -6*o(h) - s(h). Let n be f(6). Let x = n - -19. List the prime factors of x.
11
Let h = 4 - 4. Let q(z) = -z - 13. Let g(d) = 1. Let b(u) = -2*g(u) - q(u). List the prime factors of b(h).
11
Suppose -s + 3*s - 4 = 0, 1654 = 5*k - 3*s. What are the prime factors of k?
2, 83
Let g be (0 - (-15 - 3))/2. Let p(q) = 2*q + 7. What are the prime factors of p(g)?
5
Let o = -908 + 1371. What are the prime factors of o?
463
Suppose 5*r = q + 3*r - 4, -5*q = 5*r - 5. Suppose 0 = -q*j + 4*j. Suppose j = -2*k + 5*k - 18. List the prime factors of k.
2, 3
Let m be ((-26)/4)/((-5)/10). Suppose 67 = 4*g - m. Suppose 4*z = -5*x + 14, x + x = 2*z + g. What are the prime factors of x?
2, 3
Let n = -12 + 19. Suppose -95 = 4*w - 9*w. Suppose 2*l = -n + w. What are the prime factors of l?
2, 3
Let v = 1 - 3. Let x be 3/v*(-4)/(-3). List the prime factors of (-39)/x + 2/4.
2, 5
Let n = -1 + 4. Suppose 4*c + r - 6 - 18 = 0, n*c - 3*r = 18. Suppose 2*f = c*f - 36. List the prime factors of f.
3
Suppose 5*m - 90 = -6*o + o, m + 4*o = 12. What are the prime factors of m?
2, 5
Let x(u) = -17*u + 17. List the prime factors of x(-6).
7, 17
Let a be (-2)/2 - (-1 - -2). List the prime factors of a/(4/6) + 15.
2, 3
Let g be 1/4 - (-5)/(-20). Suppose -3*n - d + 4 = -3, n - 4*d - 24 = g. Suppose 0 = 2*l + 2*l + 4*p - n, 12 = -4*p. List the prime factors of l.
2
Let b(r) = -7*r**2 - 9*r - 29. Let v(d) = -3*d**2 - 5*d - 14. Let p(k) = 4*b(k) - 9*v(k). What are the prime factors of p(7)?
2, 3
Suppose 5*d - 2*h - 10 = 0, d = -4*h + 2*h + 2. List the prime factors of -3*d/4*-2.
3
What are the prime factors of 3 - (2/9 - (-1491)/(-27))?
2, 29
Suppose -5*a - 108 = -9*a. What are the prime factors of a?
3
Let d(o) = o**2 + o - 4. Let b be d(-3). Suppose b*p - 4*h - 23 = 21, h = 1. List the prime factors of p.
2, 3
Let u(p) = p**2 + p - 1. Let o be u(2). Let s = o - -4. What are the prime factors of s?
3
Suppose -o = -4*u - 16, -3*o + 3*u = -17 - 22. Suppose -2*h + o = -v + 2*h, 0 = -3*v + h + 19. Suppose -m - 1 = -v. What are the prime factors of m?
7
Let n(u) = -u**2 + 10. Let i(f) = -f + 10. Let c be i(10). What are the prime factors of n(c)?
2, 5
Suppose 0*z - z - 23 = -4*u, -z = -5. Let v be (-2)/u + 16/7. Suppose -10 = -h + j, 5*h = -v*j + 7 + 36. What are the prime factors of h?
3
Suppose 2*x + 2*x = 0. Suppose -45 = -x*v + 3*v. Let u = v - -21. What are the prime factors of u?
2, 3
What are the prime factors of (-423)/(-18) - (-2)/(-4)?
23
List the prime factors of (-1*72)/(-3) + -3.
3, 7
Let y = -214 + 311. List the prime factors of y.
97
Let q(z) = z + 22. Let f be q(0). Suppose f = -2*c + 3*c. What are the prime factors of c?
2, 11
List the prime factors of (-8)/32 - 594/(-8).
2, 37
Let w = -48 + 98. List the prime factors of w.
2, 5
Suppose 2*f = 3*a + 59, -4*a - 73 + 9 = -2*f. List the prime factors of f.
2, 11
Let c be -16 - (-3 - (-1 - -1)). Let l(d) = d**3 + 13*d**2 - d - 1. What are the prime factors of l(c)?
2, 3
Let y(q) = -q**2 - 8*q + 7. List the prime factors of y(-6).
19
Let r(a) be the third derivative of a**5/60 + 7*a**4/24 + 4*a**3/3 - a**2. Let j be r(-6). Suppose j*z = 17 - 3. What are the prime factors of z?
7
Let d be 2/(-6) + 104/(-12). Let h = d + 7. What are the prime factors of 2/(h/18*-2)?
3
Let m(u) = 20*u**2 + u. List the prime factors of m(-1).
19
Suppose 0 = m - 40 + 9. List the prime factors of m.
31
Let c(n) = 14*n - 13. What are the prime factors of c(6)?
71
Suppose g + g - 24 = 0. Suppose -c + 17 = 2*t - 5*t, g = c - 2*t. Suppose 0 = 2*p - 3*p + c*s + 5, -49 = -5*p - 2*s. What are the prime factors of p?
3
Let a be (-1)/2 + 55/10. Let x(l) = -l**3 + 3*l**2 + 7*l - 6. Let v be x(a). What are the prime factors of -6 + 3 - (v - 0)?
2, 3
Let h(u) = 2*u - 9. Let k be h(6). Suppose k*r + 864 - 18 = 0. What are the prime factors of r/(-18) - (-2)/(-3)?
3, 5
Let v = 228 - 124. List the prime factors of v.
2, 13
Let u(k) = 2*k**2 - 2*k. Let s(c) = c**2 - c. Let h(b) = 13*s(b) - 6*u(b). Let x be -2*(-3)/(-6) + -1. List the prime factors of h(x).
2, 3
Let v(i) be the second derivative of i - 1/6*i**3 + 0 - 2*i**2. List the prime factors of v(-7).
3
Suppose 2*w + 40 = 4*w. What are the prime factors of (-8)/w*(-25)/1?
2, 5
Suppose -l + 2 = -5*p, 8*p = 3*p. Suppose 49 = 2*s + l*s - y, 3*y - 18 = -3*s. What are the prime factors of s?
11
Let n be 0/(-3) + (-2)/(-1). Suppose -6 = -2*g, -n*g - 83 = -4*p + g. Let w = 34 - p. List the prime factors of w.
11
What are the prime factors of 30/(1/((-8)/22) - -3)?
2, 3, 5
Let u = -28 - -18. What are the prime factors of ((-4)/u)/(11/1265)?
2, 23
Let h(x) = -3*x + 91. What are the prime factors of h(0)?
7, 13
Let t(g) = -5*g - 7. List the prime factors of t(-4).
13
Let f = 20 - 2. List the prime factors of f.
2, 3
Let b(o) be the second derivative of 5*o**2 + o + 1/6*o**3 + 0. What are the prime factors of b(14)?
2, 3
Let w be 3/((-3)/(-6) - -1). Suppose -2*u + 80 = 8. Suppose u = 3*o + w*x, -o + 10 = x - 2. List the prime factors of o.
2, 3
Let q = 164 + -21. Suppose 21 = 4*i - q. Suppose 3*n - 13 = i. List the prime factors of n.
2, 3
Suppose -5*y = 5*u - 87 - 73, 96 = 3*y + 4*u. Suppose 7*k - y = 367. What are the prime factors of k?
3, 19
Suppose 7 = -4*q + 19. Suppose q*c - 6*c = -15. Suppose -3*f = -u + c, 5*u - 18 = -2*f + 24. List the prime factors of u.
2
Let m(g) = g**3 - 4*g**2 + 4*g - 6. Suppose 3*u = 2 + 7. Suppose -4*r + 4 = 2*l, -4*l - u*r = 2*r - 11. What are the prime factors of m(l)?
2, 5
Suppose 11 + 1 = -3*o. Let l be 9/6*o/(-3). Suppose -4*f + l*c - c = -38, 4*c + 8 = 0. List the prime factors of f.
3
Let s be 56/5 - 4/(-5). What are the prime factors of (-1)/4 - (-663)/s?
5, 11
Let d be (-8 - (3 - 3))*-2. Let p = d + -12. List the prime factors of p.
2
Let c(r) be the first derivative of r**2 + 2*r - 2. What are the prime factors of c(2)?
2, 3
Suppose 4*c - 73 = 431. List the prime factors of c.
2, 3, 7
Let o be 10/1 + (-8)/(-4). Suppose 0*t + o = 2*t. What are the prime factors of t?
2, 3
Let o(t) = t**3 + t**2 + 7*t + 2. What are the prime factors of o(5)?
11, 17
Let y(p) = 5*p**2 + 8*p - 9. What are the prime factors of y(-7)?
2, 3, 5
Suppose 2*t - 2 = 8. Suppose -y + 5 + 1 = -5*z, -4*y + 54 = -t*z. List the prime factors of y.
2
Suppose 2*p = 10 - 0. Let y = p - -1. What are the prime factors of y?
2, 3
Suppose 5*l + 1 = 4*l. Let h be 5/((-15)/(-42)) + l. Suppose 4*u + 4*m + 1 - h = 0, 0 = u + 3*m + 7. What are the prime factors of u?
2
Let a(v) = -8*v. Let d be a(-10). Suppose -2*y = 3*y - d. List the prime factors of y.
2
Let q(u) = -u + 2. Let h be (-4)/2 - (-5 - -10). What are the prime factors of q(h)?
3
Let q = 7 + -11. Let b = q + 6. What are the prime factors of b?
2
List the prime factors of 52/2 + (-3)/1.
23
Suppose -9 = -2*b - 5. Let r(i) = -i**3 + 5*i**2 - 4*i + 3. List the prime factors of r(b).
7
Let p(s) = 2*s**2 + s + 2. Let h(u) = 2*u**2 + u + 2. Let r(o) = -4*h(o) + 5*p(o). Let n = 5 - 3. What are the prime factors of r(n)?
2, 3
Suppose 51 = k + 7. List the prime factors of k.
2, 11
Suppose 0 = -7*b + 4*b. Suppose b = -3*y + 5*d + 8, 0 = 3*y - 8*y + d + 6. List the prime factors of (-2)/5*(y - 26).
2, 5
Suppose -2*t = -2*p - p + 7, -p - 5*t = -8. Suppose 7*u - p*u = l + 14, -4*l - 4*u = -24. List the prime factors of l.
2
Let b be (1 + -2)/(3/(-9)). Suppose 0 = b*v - v - 8. What are the prime factors of v?
2
Let k = 136 - 84. What are the prime factors of k?
2, 13
Suppose -3297 = -12*b - 741. List the prime factors of b.
3, 71
List the prime factors of 56 - (-4)/(-8)*-4.
2, 29
Let w be (-152)/(-10) + (-4)/20. Suppose -4*d = -d - w. List the prime factors of d